e units digit of k?
6
Let b(n) = -n + 13. Let d be b(10). Suppose -459 = -d*r + 4*z, -3*r + 480 = -0*r + 3*z. What is the hundreds digit of r?
1
Suppose 0 = 22*h - 14704 + 2428. What is the tens digit of h?
5
Suppose 0 = -9*y - 21 - 24. What is the units digit of ((-12)/y)/((-12)/(-90))?
8
Let i(p) = -p**2 + 6*p + 2. Let z be i(6). Suppose -z = 2*n - 6. Suppose -4*x + n*m = -54 - 16, -3*m - 57 = -3*x. What is the units digit of x?
6
Let w = -77 + 48. Let u = w - -63. Suppose 4*f - 2*f - u = 0. What is the units digit of f?
7
Let p = 779 - 276. What is the tens digit of p?
0
Let i = 194 + -121. What is the tens digit of i?
7
Let t(b) = b**2 + 1. Let j be t(-2). Suppose 4*s + 0*c - 461 = 3*c, -j*s + 580 = -5*c. What is the hundreds digit of s?
1
Let q = 50 - -41. What is the units digit of (q/(-14))/(1/(-14))?
1
Let p(s) = 3*s**2 - 2*s. Let y be p(-1). Suppose 12*z - 1414 = y*z. What is the units digit of z?
2
Let a be -1 + 3 + 3*5/5. Suppose 5*h + 2*b - 8 = 4*b, 5*h - a = 5*b. What is the units digit of h?
2
Let d be 2/(-5)*(-5)/2. Let b be 1*(2 - -8) + d. Suppose -l + 8 + b = 0. What is the tens digit of l?
1
Suppose -5*p = 4*g - 44, 2*p + 3*g = -p + 24. Suppose 3*j - 2*j = -3*f + 13, -5*j + 89 = 3*f. Suppose s = j - p. What is the units digit of s?
7
Let y = -749 - -1011. What is the tens digit of y?
6
Suppose 3*d + 588 = 5*c + 2224, -3*d - 1624 = 5*c. Let j = c - -636. What is the hundreds digit of j?
3
Let c = -14 - -19. Suppose -y - 22 = -c*q - 2, 3*q = y + 10. What is the units digit of q?
5
Let v = 5718 - 1680. What is the thousands digit of v?
4
Let s(p) = -p + 9. Suppose 0*o = -3*o + 3*q + 30, 4*q + 30 = 2*o. Let u be s(o). Let k(r) = -r**3 + 5*r**2 + 2*r - 1. What is the tens digit of k(u)?
2
Let w(u) = -16*u + 32. Suppose -o - o - 36 = 4*c, 3*o = c - 5. What is the tens digit of w(c)?
4
Let n(b) = 20*b - 65. Let v be n(23). Suppose -2*k - v = -7*k. What is the tens digit of k?
7
What is the units digit of (1062/(-24))/(30/(-1960))?
1
Suppose 3*o = n + 25, o + n - 3 = -0*o. Let p(y) = 5*y + 9 - y**2 + 3*y - o. What is the units digit of p(7)?
9
Let d = -26 - -38. Suppose -24 = -14*o + d*o. What is the units digit of o?
2
Let m = -30 + 30. Suppose -5*v + 2*b - 4 + 1 = m, 4*b = 16. Suppose -x = -21 - v. What is the tens digit of x?
2
Suppose -283 = -3*o - 13. Let m = -59 + o. What is the units digit of m?
1
Let g(y) = y**3 - 4*y**2 + 4. Let w be g(4). Suppose 0 = -4*m + 5*b - b + 24, 0 = w*b + 8. Suppose 0 = -m*h - h + 60. What is the units digit of h?
2
Let b = 803 + 1221. What is the thousands digit of b?
2
Suppose 0 = 4*u - 5*d + 3, -2*u + 5*d = 4 + 5. What is the hundreds digit of 1 + (117 - u/1 - 3)?
1
Let h = -25 + 63. Suppose -5*j + 4*l + h = 2*l, 11 = 2*j - 5*l. What is the units digit of j?
8
Let c be (2 + -5)*(-4)/(-6) - -2. Suppose c = -7*y + 208 + 296. What is the tens digit of y?
7
Let m = -17 + 107. Let b(y) = y**3 - 2*y**2 + 4*y - 3. Let o be b(2). Suppose -m = -o*r - 5. What is the units digit of r?
7
Let n(u) be the second derivative of 3*u**4/2 - u**3/3 - u**2 - u. Let k = -610 - -608. What is the units digit of n(k)?
4
Suppose 6*h + 8*h = 4914. What is the units digit of h?
1
Let i(r) = -r**2 + 6*r - 5. Let z be i(5). Suppose 5*y + z = 10. Suppose -7*f + 185 = -y*f. What is the units digit of f?
7
Suppose -5*w = -2*m - 5, -2*m + 4*m - 25 = -5*w. Suppose -m*p = -474 - 376. What is the tens digit of p?
7
Let a = 3606 + -1474. What is the units digit of a?
2
What is the hundreds digit of (1*136/12)/(1/18)?
2
Suppose 208 - 698 = -d. What is the units digit of d?
0
Let j = 40 + -42. What is the hundreds digit of (2 - j)*29/1?
1
Let z(y) = -54*y - 40. What is the tens digit of z(-4)?
7
Let m be (-1)/((-2 - -1) + 2). Let n be 4/(-2)*m/1. Suppose 99 = j + n*j. What is the units digit of j?
3
Let c = -3 - -8. Suppose -c*d - 90 = -0*d. What is the tens digit of (-4)/18 - 364/d?
2
Let j = -3123 + 4630. What is the hundreds digit of j?
5
Let g(r) = 3*r - 6*r**2 + 4*r**2 - 3*r. Let v be g(3). What is the units digit of (-4)/v*(8 - -1)?
2
Let s(b) = -75*b**3 - 2 + 2 - 21*b + 22*b. What is the units digit of s(-1)?
4
Suppose 35*x + 128072 = 91*x. What is the thousands digit of x?
2
Suppose -2*a = 8, 2*a + 2006 = 2*p - 2536. What is the hundreds digit of p?
2
Let l = 2 - -3. Suppose 2 = -l*k - 23. What is the units digit of (14/k)/(4/(-40))?
8
Let y(i) = -i**3 + 10*i**2 - 16*i - 3. Let p be y(8). Let w = 5 + p. What is the units digit of w?
2
Suppose -d - 152 = -301. What is the tens digit of d?
4
Let v = -13 + 12. Let k(w) = -60*w + 2. What is the tens digit of k(v)?
6
Let x be 4*-2*18/16. Let i be 5/((-30)/x - 3). Let p = -4 + i. What is the tens digit of p?
1
Let s(z) = 77*z**2 - 4*z + 7. What is the tens digit of s(3)?
8
Let l be (-23)/(-7) - 6/21. Suppose 0 = t - 3*h - 19, 64 - 14 = 2*t - l*h. What is the units digit of t?
1
Let k(t) = t**3 - 7*t**2 - 10*t + 7. Let o(r) = -4*r**3 + 29*r**2 + 40*r - 27. Let j(i) = 9*k(i) + 2*o(i). Let f = -5 - -12. What is the units digit of j(f)?
7
Suppose 0*d + 2*m = -5*d + 7126, -4*d + 5*m + 5714 = 0. What is the tens digit of d?
2
Suppose -3*v + v = 0. Let b be (v - 6)*3/(-6). Suppose 0 = -2*l + 6*u - 3*u + 2, b*l - 3 = 5*u. What is the units digit of l?
1
Suppose 6*t - 7*t = -1. Let u be t - 0 - (-5 + 8). What is the units digit of (u - -2) + -1 + 5?
4
Let p be 104/5 - (2 - (-22)/(-10)). Suppose 0 = -13*i + 1945 - p. What is the hundreds digit of i?
1
Let t(m) be the first derivative of -5*m**2/2 + 21*m + 14. What is the tens digit of t(-7)?
5
Let n(h) = 2*h + 3. Let w be n(0). Suppose -c + 69 = 4*r, -3*c = w*r - 65 - 97. What is the tens digit of c?
4
Let r = 6 + 10. Let o(g) = g**2 - 13*g + 6. Let h be o(r). Suppose p = -4*n + h, 63 = 3*n - p + 19. What is the units digit of n?
4
Let d(b) = b**3 - 11*b**2 + 11*b - 15. Let f be d(10). Let x(v) = 6*v + 8. Let s(h) = 6*h + 8. Let z(r) = -6*s(r) + 5*x(r). What is the units digit of z(f)?
2
Let v be 51*(100/(-15))/(-5). Let q = -16 + v. What is the tens digit of q?
5
Let g(w) = -2*w**3 - 21*w**2 - 41*w + 19. What is the tens digit of g(-14)?
6
Let y(z) be the third derivative of -z**4/24 + 3*z**2. Let p(h) = -h + 5. Let x(b) = p(b) + 2*y(b). What is the units digit of x(-4)?
7
Suppose 2 - 8 = 6*a. What is the tens digit of (-10 - -8) + (-69)/a?
6
Suppose -3*r = 4*u - 5725, 0 = -22*u + 17*u + 4*r + 7164. What is the units digit of u?
2
Let a = -8 + 12. Suppose a*b + 5*y - 14 = -3, b = -4*y. Let p(c) = 2*c**2 - 2*c + 3. What is the units digit of p(b)?
7
Let d = 23 - 18. Suppose -h - 4 = -4*n, n - d*h + 3*h = -6. Suppose -n*v + v = -2*q - 36, q + 108 = 3*v. What is the tens digit of v?
3
Let a(k) be the first derivative of -k**4/4 - 10*k**3/3 - 4*k**2 + 7*k + 2. Let u be a(-9). Let s(q) = 5*q**2 - 2*q - 4. What is the units digit of s(u)?
0
Suppose 28*t = 37*t - 5391. What is the units digit of t?
9
Suppose 2*h + 3 = -a, 4*a - 5*h = -0*h + 27. Suppose -5*d = 4*g - 37, a*d + 3*g - 12 = 4*g. Suppose 4*f = -8, f - 16 = -w + d*f. What is the units digit of w?
8
Suppose 35770 = 21*x - 7*x. What is the thousands digit of x?
2
Let y = -92 - -601. What is the hundreds digit of y?
5
Let x(p) = p**2 + 10*p + 13. Let n = -27 + 18. What is the units digit of x(n)?
4
Suppose 9*j = -0*j + 324. What is the tens digit of -1*(0 + -7)/(12/j)?
2
Let v(l) = -3*l**3 - 11*l**2 - 9*l - 5. Let y be v(-10). What is the hundreds digit of -2*y/(-40) - 6/(-8)?
1
Let z(p) be the second derivative of -p**4/12 - p**3/3 - p**2/2 - 3*p. Let n be z(-5). Let o = n + 33. What is the tens digit of o?
1
Let o(j) = 11*j - j**2 + 15 - 10*j + 26. Let i = 106 - 106. What is the units digit of o(i)?
1
Let x(h) = -h**3 - 13*h**2 - 14*h - 1. Let c be x(-12). Let b = c - 27. What is the tens digit of (-876)/(-22) + b/(-22)?
4
What is the units digit of 20/8*(2 + (-5988)/(-15))?
3
Let a = 1365 + -747. What is the units digit of a?
8
Let n(i) = 71*i + 10. What is the units digit of n(6)?
6
Let o(f) = -145*f + 207. What is the thousands digit of o(-20)?
3
Let a(n) = 5*n - 2. What is the tens digit of a(19)?
9
Suppose i + 7 - 207 = 0. What is the hundreds digit of i?
2
Suppose l = 4*o - 139, o + 0*l = l + 31. Let g = o - 1. What is the tens digit of g?
3
Let m(b) be the third derivative of 